{"id":742,"date":"2022-04-03T23:52:45","date_gmt":"2022-04-03T23:52:45","guid":{"rendered":"https:\/\/kaffen-demo.bslthemes.com\/?page_id=742"},"modified":"2023-08-29T17:04:08","modified_gmt":"2023-08-29T23:04:08","slug":"blog","status":"publish","type":"page","link":"https:\/\/cafelapuerta.com\/index.php\/blog\/","title":{"rendered":"Blog"},"content":{"rendered":"\t\t<div data-elementor-type=\"wp-page\" data-elementor-id=\"742\" class=\"elementor elementor-742\" data-elementor-post-type=\"page\">\n\t\t\t\t\t\t<section class=\"elementor-section elementor-top-section elementor-element elementor-element-c230b86 elementor-section-full_width elementor-section-height-default elementor-section-height-default\" data-id=\"c230b86\" data-element_type=\"section\" data-e-type=\"section\">\n\t\t\t\t\t\t<div class=\"elementor-container elementor-column-gap-no\">\n\t\t\t\t\t<div class=\"elementor-column elementor-col-100 elementor-top-column elementor-element elementor-element-2eb4e62\" data-id=\"2eb4e62\" data-element_type=\"column\" data-e-type=\"column\">\n\t\t\t<div class=\"elementor-widget-wrap elementor-element-populated\">\n\t\t\t\t\t\t<div class=\"elementor-element elementor-element-db1edf1 elementor-widget elementor-widget-kaffen-blog-grid\" data-id=\"db1edf1\" data-element_type=\"widget\" data-e-type=\"widget\" data-widget_type=\"kaffen-blog-grid.default\">\n\t\t\t\t<div class=\"elementor-widget-container\">\n\t\t\t\t\t\n    <!-- Section Latest Blog -->\n    <section class=\"section kf-latest-blog\">\n      <div class=\"container\">\n                <div class=\"kf-titles align-center\">\n                    <div class=\"kf-subtitle element-anim-1 scroll-animate\" data-animate=\"active\">\n            <span >\n              Lee nuestro blog            <\/span>\n          <\/div>\n                              <h3 class=\"kf-title element-anim-1 scroll-animate\" data-animate=\"active\">\n            <span >\n              Ent\u00e9rate de cada actualizaci\u00f3n            <\/span>\n          <\/h3>\n                  <\/div>\n        \n                <div class=\"kf-blog-grid-items row\">\n          \n\n<div class=\"col-xs-12 col-sm-12 col-md-12 col-lg-4\">\n\t<div id=\"post-2378\" class=\"post-2378 post type-post status-publish format-standard has-post-thumbnail hentry category-cultura-y-gastronomia tag-coffee-content\">\n\t\t<div class=\"kf-blog-grid-item element-anim-1 scroll-animate\" data-animate=\"active\">\n\t\t\t\t\t\t<div class=\"image kf-image-hover\">\n\t\t\t\t<a href=\"https:\/\/cafelapuerta.com\/index.php\/2025\/04\/27\/descubriendo-el-cafe-en-grano-historia-y-variedades-en-mexico\/\"><img decoding=\"async\" src=\"https:\/\/cafelapuerta.com\/wp-content\/uploads\/2025\/04\/person-writing-on-brown-wooden-table-near-white-ceramic-mug-scaled.jpg\" alt=\"Descubriendo el Caf\u00e9 en Grano: Historia y Variedades en M\u00e9xico\" \/><\/a>\n\t\t\t<\/div>\n\t\t\t\t\t\t<div class=\"desc\">\n\t\t\t\t<h5 class=\"name\">Descubriendo el Caf\u00e9 en Grano: Historia y Variedades en M\u00e9xico<\/h5>\n\t\t\t\t<div class=\"kf-date\"><i class=\"far fa-calendar-alt\"><\/i>abril 27, 2025<\/div>\n\t\t\t\t<div class=\"kf-comm\"><i class=\"far fa-comments\"><\/i>Comments  (0)<\/div>\n\t\t\t<\/div>\n\t\t<\/div>\n\t<\/div><!-- #post-2378 -->\n<\/div>\n\n\n<div class=\"col-xs-12 col-sm-12 col-md-12 col-lg-4\">\n\t<div id=\"post-763\" class=\"post-763 post type-post status-publish format-standard has-post-thumbnail hentry category-historia\">\n\t\t<div class=\"kf-blog-grid-item element-anim-1 scroll-animate\" data-animate=\"active\">\n\t\t\t\t\t\t<div class=\"image kf-image-hover\">\n\t\t\t\t<a href=\"https:\/\/cafelapuerta.com\/index.php\/2023\/08\/29\/historia-del-taro\/\"><img decoding=\"async\" src=\"https:\/\/cafelapuerta.com\/wp-content\/uploads\/2022\/03\/cta_bg2-900x599.jpg\" alt=\"Explorando las Ra\u00edces M\u00edsticas y Culinarias: Un Viaje a Trav\u00e9s de la Historia del Taro\" \/><\/a>\n\t\t\t<\/div>\n\t\t\t\t\t\t<div class=\"desc\">\n\t\t\t\t<h5 class=\"name\">Explorando las Ra\u00edces M\u00edsticas y Culinarias: Un Viaje a Trav\u00e9s de la Historia del Taro<\/h5>\n\t\t\t\t<div class=\"kf-date\"><i class=\"far fa-calendar-alt\"><\/i>agosto 29, 2023<\/div>\n\t\t\t\t<div class=\"kf-comm\"><i class=\"far fa-comments\"><\/i>Comments  (0)<\/div>\n\t\t\t<\/div>\n\t\t<\/div>\n\t<\/div><!-- #post-763 -->\n<\/div>\n\n\n<div class=\"col-xs-12 col-sm-12 col-md-12 col-lg-4\">\n\t<div id=\"post-261\" class=\"post-261 post type-post status-publish format-standard has-post-thumbnail hentry category-historia\">\n\t\t<div class=\"kf-blog-grid-item element-anim-1 scroll-animate\" data-animate=\"active\">\n\t\t\t\t\t\t<div class=\"image kf-image-hover\">\n\t\t\t\t<a href=\"https:\/\/cafelapuerta.com\/index.php\/2023\/08\/29\/historia-del-cafe\/\"><img decoding=\"async\" src=\"https:\/\/cafelapuerta.com\/wp-content\/uploads\/2022\/03\/latest_blog2-900x600.jpg\" alt=\"Del Campo a la Taza: Un Viaje a Trav\u00e9s de la Historia del Caf\u00e9\" \/><\/a>\n\t\t\t<\/div>\n\t\t\t\t\t\t<div class=\"desc\">\n\t\t\t\t<h5 class=\"name\">Del Campo a la Taza: Un Viaje a Trav\u00e9s de la Historia del Caf\u00e9<\/h5>\n\t\t\t\t<div class=\"kf-date\"><i class=\"far fa-calendar-alt\"><\/i>agosto 29, 2023<\/div>\n\t\t\t\t<div class=\"kf-comm\"><i class=\"far fa-comments\"><\/i>Comments  (0)<\/div>\n\t\t\t<\/div>\n\t\t<\/div>\n\t<\/div><!-- #post-261 -->\n<\/div>\n\n\n<div class=\"col-xs-12 col-sm-12 col-md-12 col-lg-4\">\n\t<div id=\"post-255\" class=\"post-255 post type-post status-publish format-standard has-post-thumbnail hentry category-historia\">\n\t\t<div class=\"kf-blog-grid-item element-anim-1 scroll-animate\" data-animate=\"active\">\n\t\t\t\t\t\t<div class=\"image kf-image-hover\">\n\t\t\t\t<a href=\"https:\/\/cafelapuerta.com\/index.php\/2023\/08\/29\/historia-del-chai\/\"><img decoding=\"async\" src=\"https:\/\/cafelapuerta.com\/wp-content\/uploads\/2022\/03\/latest_blog3-900x600.jpg\" alt=\"Viaje a Trav\u00e9s del Tiempo: La Fascinante Historia del Chai\" \/><\/a>\n\t\t\t<\/div>\n\t\t\t\t\t\t<div class=\"desc\">\n\t\t\t\t<h5 class=\"name\">Viaje a Trav\u00e9s del Tiempo: La Fascinante Historia del Chai<\/h5>\n\t\t\t\t<div class=\"kf-date\"><i class=\"far fa-calendar-alt\"><\/i>agosto 29, 2023<\/div>\n\t\t\t\t<div class=\"kf-comm\"><i class=\"far fa-comments\"><\/i>Comments  (0)<\/div>\n\t\t\t<\/div>\n\t\t<\/div>\n\t<\/div><!-- #post-255 -->\n<\/div>\n        <\/div>\n\n                <!-- pager -->\n        <div class=\"pager\">\n                  <\/div>\n        \n                      <\/div>\n    <\/section>\n\n\t\t\t\t\t\t<\/div>\n\t\t\t\t<\/div>\n\t\t\t\t\t<\/div>\n\t\t<\/div>\n\t\t\t\t\t<\/div>\n\t\t<\/section>\n\t\t\t\t<\/div>\n\t\t","protected":false},"excerpt":{"rendered":"<p>Lee nuestro blog Ent\u00e9rate de cada actualizaci\u00f3n Hello world! julio 31, 2023 Comments (1) SWR React Hooks With Next Increm Ental Static Regeneration marzo 26, 2022 Comments (0) Decisions For Building Flexible Components DevTools Browser marzo 26, 2022 Comments (0) SWR React Hooks With&#8230; <\/p>\n<div class=\"readmore\"><a href=\"https:\/\/cafelapuerta.com\/index.php\/2023\/08\/29\/historia-del-chai\/\" class=\"kf-btn-link\"><span>Read more<\/span> <i class=\"fas fa-chevron-right\"><\/i><\/a><\/div>\n","protected":false},"author":1,"featured_media":0,"parent":0,"menu_order":0,"comment_status":"closed","ping_status":"closed","template":"template-layout-builder.php","meta":{"footnotes":""},"class_list":["post-742","page","type-page","status-publish","hentry"],"acf":[],"_links":{"self":[{"href":"https:\/\/cafelapuerta.com\/index.php\/wp-json\/wp\/v2\/pages\/742","targetHints":{"allow":["GET"]}}],"collection":[{"href":"https:\/\/cafelapuerta.com\/index.php\/wp-json\/wp\/v2\/pages"}],"about":[{"href":"https:\/\/cafelapuerta.com\/index.php\/wp-json\/wp\/v2\/types\/page"}],"author":[{"embeddable":true,"href":"https:\/\/cafelapuerta.com\/index.php\/wp-json\/wp\/v2\/users\/1"}],"replies":[{"embeddable":true,"href":"https:\/\/cafelapuerta.com\/index.php\/wp-json\/wp\/v2\/comments?post=742"}],"version-history":[{"count":8,"href":"https:\/\/cafelapuerta.com\/index.php\/wp-json\/wp\/v2\/pages\/742\/revisions"}],"predecessor-version":[{"id":2081,"href":"https:\/\/cafelapuerta.com\/index.php\/wp-json\/wp\/v2\/pages\/742\/revisions\/2081"}],"wp:attachment":[{"href":"https:\/\/cafelapuerta.com\/index.php\/wp-json\/wp\/v2\/media?parent=742"}],"curies":[{"name":"wp","href":"https:\/\/api.w.org\/{rel}","templated":true}]}}